181, 293
What are the prime factors of 1112566?
2, 7, 13, 6113
What are the prime factors of 3006843?
3, 7, 131, 1093
List the prime factors of 310113.
3, 34457
List the prime factors of 1555959.
3, 17, 30509
List the prime factors of 1753206.
2, 3, 7, 13, 19
List the prime factors of 1762934.
2, 17, 19, 2729
What are the prime factors of 346149?
3, 38461
List the prime factors of 1480664.
2, 59, 3137
What are the prime factors of 443450?
2, 5, 7, 181
What are the prime factors of 7595817?
3, 157, 16127
List the prime factors of 402017.
7, 11, 23, 227
What are the prime factors of 907033?
29, 31277
List the prime factors of 4609494.
2, 3, 85361
What are the prime factors of 11134515?
3, 5, 7, 15149
List the prime factors of 23034342.
2, 3, 239, 16063
What are the prime factors of 188?
2, 47
What are the prime factors of 113218?
2, 7, 8087
What are the prime factors of 19243212?
2, 3, 1603601
List the prime factors of 283900.
2, 5, 17, 167
What are the prime factors of 2403238?
2, 761, 1579
What are the prime factors of 1031674?
2, 7, 59, 1249
What are the prime factors of 10849?
19, 571
What are the prime factors of 13253?
29, 457
What are the prime factors of 750350?
2, 5, 43, 349
What are the prime factors of 960413?
53, 18121
What are the prime factors of 67643?
17, 23, 173
What are the prime factors of 3324161?
31, 157, 683
What are the prime factors of 7398259?
11, 257, 2617
List the prime factors of 694227.
3, 231409
What are the prime factors of 842197?
17, 107, 463
What are the prime factors of 4328969?
4328969
List the prime factors of 96938.
2, 19, 2551
What are the prime factors of 16807470?
2, 3, 5, 560249
What are the prime factors of 1269254?
2, 7, 17, 5333
List the prime factors of 240449.
11, 21859
What are the prime factors of 19724?
2, 4931
What are the prime factors of 295675?
5, 11827
What are the prime factors of 631526?
2, 7, 79, 571
List the prime factors of 1844333.
1844333
What are the prime factors of 4526007?
3, 109, 13841
List the prime factors of 992513.
992513
What are the prime factors of 98430?
2, 3, 5, 17, 193
List the prime factors of 2045092.
2, 7, 73039
List the prime factors of 601030.
2, 5, 60103
List the prime factors of 316045.
5, 31, 2039
List the prime factors of 1236107.
113, 10939
List the prime factors of 2492963.
11, 1873
What are the prime factors of 40336?
2, 2521
List the prime factors of 2696531.
47, 57373
List the prime factors of 2290588.
2, 41, 13967
List the prime factors of 1629311.
601, 2711
What are the prime factors of 541199?
37, 14627
List the prime factors of 148403.
148403
What are the prime factors of 189089?
173, 1093
What are the prime factors of 8602836?
2, 3, 11, 65173
What are the prime factors of 2641124?
2, 660281
List the prime factors of 224939.
11, 13
List the prime factors of 148921.
148921
List the prime factors of 10303272.
2, 3, 7, 20443
What are the prime factors of 502586?
2, 7, 35899
What are the prime factors of 4492395?
3, 5, 107, 311
List the prime factors of 4442711.
7, 13, 48821
What are the prime factors of 529484?
2, 132371
List the prime factors of 797972.
2, 7, 28499
List the prime factors of 21996832.
2, 11, 13, 19, 23
List the prime factors of 2560970.
2, 5, 71, 3607
What are the prime factors of 1586374?
2, 793187
What are the prime factors of 97948?
2, 47, 521
What are the prime factors of 740326?
2, 197, 1879
List the prime factors of 18986.
2, 11, 863
List the prime factors of 4272247.
7, 367, 1663
What are the prime factors of 203723?
13, 15671
List the prime factors of 15239419.
13, 571, 2053
List the prime factors of 1784106.
2, 3, 3671
What are the prime factors of 15536790?
2, 3, 5, 47, 3673
List the prime factors of 109678.
2, 29, 31, 61
List the prime factors of 12808103.
7, 11, 181, 919
List the prime factors of 384440.
2, 5, 7, 1373
List the prime factors of 274892.
2, 19, 3617
List the prime factors of 2256522.
2, 3, 71, 5297
What are the prime factors of 234842?
2, 29, 4049
What are the prime factors of 727140?
2, 3, 5, 12119
What are the prime factors of 61282?
2, 13, 2357
What are the prime factors of 665831?
811, 821
List the prime factors of 3485547.
3, 13, 31
What are the prime factors of 1276205?
5, 7, 5209
List the prime factors of 4599869.
2111, 2179
What are the prime factors of 1481913?
3, 23, 7159
List the prime factors of 9294037.
479, 19403
List the prime factors of 440533.
601, 733
What are the prime factors of 26768609?
7, 1913, 1999
List the prime factors of 41718605.
5, 59, 103, 1373
List the prime factors of 14844004.
2, 7, 530143
What are the prime factors of 368111?
368111
What are the prime factors of 18612562?
2, 151, 61631
What are the prime factors of 13028725?
5, 53, 9833
List the prime factors of 51749.
51749
List the prime factors of 2304305.
5, 71, 6491
List the prime factors of 14686173.
3, 1631797
What are the prime factors of 3048405?
3, 5, 203227
What are the prime factors of 359374?
2, 179687
What are the prime factors of 1455195?
3, 5, 7, 13859
List the prime factors of 5607807.
3, 17, 31, 3547
List the prime factors of 1707710.
2, 5, 389, 439
What are the prime factors of 2027992?
2, 53, 4783
List the prime factors of 475264.
2, 47, 79
What are the prime factors of 2793597?
3, 931199
List the prime factors of 1608888.
2, 3, 43, 1559
What are the prime factors of 5928914?
2, 73, 40609
List the prime factors of 534299.
19, 61, 461
List the prime factors of 1778869.
1778869
What are the prime factors of 9484567?
311, 30497
List the prime factors of 72296.
2, 7, 1291
List the prime factors of 17110161.
3, 41, 89, 521
What are the prime factors of 503686?
2, 251843
What are the prime factors of 551668?
2, 13, 103
List the prime factors of 50627.
50627
What are the prime factors of 320531?
37, 8663
What are the prime factors of 25755784?
2, 3219473
List the prime factors of 195472.
2, 19, 643
What are the prime factors of 1630337?
263, 6199
What are the prime factors of 6904273?
449, 15377
What are the prime factors of 10448441?
43, 193, 1259
List the prime factors of 1003666.
2, 113, 4441
List the prime factors of 6386832.
2, 3, 17, 2609
List the prime factors of 183279.
3, 199, 307
What are the prime factors of 5254072?
2, 619, 1061
List the prime factors of 1264565.
5, 252913
List the prime factors of 30245452.
2, 7561363
What are the prime factors of 301410?
2, 3, 5, 17, 197
List the prime factors of 1232358.
2, 3, 293, 701
What are the prime factors of 591530?
2, 5, 149, 397
What are the prime factors of 2271471?
3, 757157
What are the prime factors of 10481859?
3, 23, 16879
What are the prime factors of 264163?
17, 41, 379
What are the prime factors of 625669?
11, 23, 2473
What are the prime factors of 11281172?
2, 7, 57557
List the prime factors of 252458.
2, 126229
List the prime factors of 6673213.
43, 155191
List the prime factors of 3241662.
2, 3, 17, 61, 521
List the prime factors of 185128.
2, 73, 317
What are the prime factors of 2135083?
2135083
What are the prime factors of 2387719?
509, 4691
What are the prime factors of 73842?
2, 3, 31, 397
What are the prime factors of 2735229?
3, 7, 23, 809
List the prime factors of 7356915.
3, 5, 163487
List the prime factors of 689710.
2, 5, 7, 59, 167
What are the prime factors of 185096?
2, 17, 1361
List the prime factors of 15726301.
15726301
What are the prime factors of 434495?
5, 67, 1297
List the prime factors of 865566.
2, 3, 13, 137
List the prime factors of 540833.
379, 1427
What are the prime factors of 6327432?
2, 3, 87881
List the prime factors of 101478.
2, 3, 13, 1301
List the prime factors of 211080.
2, 3, 5, 1759
What are the prime factors of 3729030?
2, 3, 5, 124301
List the prime factors of 191937.
3, 137, 467
What are the prime factors of 5721199?
11, 37, 14057
List the prime factors of 3604697.
17, 12473
What are the prime factors of 1114765?
5, 222953
List the prime factors of 92173.
92173
What are the prime factors of 16905658?
2, 7, 11, 151, 727
List the prime factors of 236092.
2, 59023
What are the prime factors of 2623940?
2, 5, 11, 11927
List the prime factors of 5047147.
7, 17, 73, 83
What are the prime factors of 648843?
3, 13, 127, 131
What are the prime factors of 2533151?
23, 241, 457
List the prime factors of 2861092.